{"id":10,"date":"2024-10-09T18:04:15","date_gmt":"2024-10-09T16:04:15","guid":{"rendered":"https:\/\/coursesdecotedalsace.fr\/?page_id=10"},"modified":"2025-03-30T17:11:55","modified_gmt":"2025-03-30T15:11:55","slug":"accueil","status":"publish","type":"page","link":"https:\/\/coursesdecotedalsace.fr\/","title":{"rendered":"Accueil"},"content":{"rendered":"\n<p>Bienvenue sur ce site consacr\u00e9 aux courses de c\u00f4te s\u2019\u00e9tant d\u00e9roul\u00e9es en Alsace.<\/p>\n\n\n\n<p>Pour l\u2019instant ont \u00e9t\u00e9 trait\u00e9es les courses de Fouchy, Bourbach-le-Haut et plus r\u00e9cemment Wissembourg.<\/p>\n\n\n\n<p>Vous retrouverez les diff\u00e9rentes \u00e9ditions sous les onglets sp\u00e9cifiques de chacune d\u2019entre elles.<\/p>\n\n\n\n<p>Chaque course a parall\u00e8lement fait l\u2019objet d\u2019un livre (voir onglet \u00ab&nbsp;commande&nbsp;\u00bb) qui d\u00e9taille les \u00e9ditions une \u00e0 une en \u00e9tant agr\u00e9ment\u00e9e de nombreuses photos in\u00e9dites et des classements.<\/p>\n\n\n\n<div class=\"wp-block-media-text is-stacked-on-mobile is-vertically-aligned-center\" style=\"grid-template-columns:83% auto\"><figure class=\"wp-block-media-text__media\"><img loading=\"lazy\" decoding=\"async\" width=\"725\" height=\"1024\" src=\"https:\/\/coursesdecotedalsace.fr\/wp-content\/uploads\/2025\/03\/Couv-AV-1-725x1024.jpg\" alt=\"\" class=\"wp-image-422 size-full\" srcset=\"https:\/\/coursesdecotedalsace.fr\/wp-content\/uploads\/2025\/03\/Couv-AV-1-725x1024.jpg 725w, https:\/\/coursesdecotedalsace.fr\/wp-content\/uploads\/2025\/03\/Couv-AV-1-212x300.jpg 212w, https:\/\/coursesdecotedalsace.fr\/wp-content\/uploads\/2025\/03\/Couv-AV-1-768x1085.jpg 768w, https:\/\/coursesdecotedalsace.fr\/wp-content\/uploads\/2025\/03\/Couv-AV-1-1087x1536.jpg 1087w, https:\/\/coursesdecotedalsace.fr\/wp-content\/uploads\/2025\/03\/Couv-AV-1-1450x2048.jpg 1450w, https:\/\/coursesdecotedalsace.fr\/wp-content\/uploads\/2025\/03\/Couv-AV-1.jpg 1612w\" sizes=\"auto, (max-width: 725px) 100vw, 725px\" \/><\/figure><div class=\"wp-block-media-text__content\">\n<p><\/p>\n<\/div><\/div>\n\n\n\n<p><\/p>\n","protected":false},"excerpt":{"rendered":"<p>Bienvenue sur ce site consacr\u00e9 aux courses de c\u00f4te s\u2019\u00e9tant d\u00e9roul\u00e9es en Alsace. Pour l\u2019instant ont \u00e9t\u00e9 trait\u00e9es les courses de Fouchy, Bourbach-le-Haut et plus r\u00e9cemment Wissembourg. Vous retrouverez les diff\u00e9rentes \u00e9ditions sous les onglets sp\u00e9cifiques de chacune d\u2019entre elles. Chaque course a parall\u00e8lement fait l\u2019objet d\u2019un livre (voir onglet \u00ab&nbsp;commande&nbsp;\u00bb) qui d\u00e9taille les \u00e9ditions [&hellip;]<\/p>\n","protected":false},"author":1,"featured_media":0,"parent":0,"menu_order":0,"comment_status":"closed","ping_status":"closed","template":"","meta":{"footnotes":""},"class_list":["post-10","page","type-page","status-publish","hentry"],"_links":{"self":[{"href":"https:\/\/coursesdecotedalsace.fr\/index.php?rest_route=\/wp\/v2\/pages\/10","targetHints":{"allow":["GET"]}}],"collection":[{"href":"https:\/\/coursesdecotedalsace.fr\/index.php?rest_route=\/wp\/v2\/pages"}],"about":[{"href":"https:\/\/coursesdecotedalsace.fr\/index.php?rest_route=\/wp\/v2\/types\/page"}],"author":[{"embeddable":true,"href":"https:\/\/coursesdecotedalsace.fr\/index.php?rest_route=\/wp\/v2\/users\/1"}],"replies":[{"embeddable":true,"href":"https:\/\/coursesdecotedalsace.fr\/index.php?rest_route=%2Fwp%2Fv2%2Fcomments&post=10"}],"version-history":[{"count":6,"href":"https:\/\/coursesdecotedalsace.fr\/index.php?rest_route=\/wp\/v2\/pages\/10\/revisions"}],"predecessor-version":[{"id":425,"href":"https:\/\/coursesdecotedalsace.fr\/index.php?rest_route=\/wp\/v2\/pages\/10\/revisions\/425"}],"wp:attachment":[{"href":"https:\/\/coursesdecotedalsace.fr\/index.php?rest_route=%2Fwp%2Fv2%2Fmedia&parent=10"}],"curies":[{"name":"wp","href":"https:\/\/api.w.org\/{rel}","templated":true}]}}