{"id":43,"date":"2024-10-12T13:06:49","date_gmt":"2024-10-12T11:06:49","guid":{"rendered":"https:\/\/coursesdecotedalsace.fr\/?page_id=43"},"modified":"2024-10-19T21:39:52","modified_gmt":"2024-10-19T19:39:52","slug":"1977-2","status":"publish","type":"page","link":"https:\/\/coursesdecotedalsace.fr\/?page_id=43","title":{"rendered":"1977"},"content":{"rendered":"<p><strong>Bourbach 1977<\/strong><\/p>\n\n\n<p>Pour la troisi\u00e8me fois cons\u00e9cutive Michel PIGNARD s&rsquo;impose \u00e0 Bourbach, sur une Chevron B40 cette fois, mais cette victoire fut contest\u00e9e jusqu&rsquo;au bout par le mulhousien Freddy ROLAND qui \u00e9choue pour 39\/100\u00e8mes&nbsp;seulement&nbsp;! Marc MONTMAYEUR doit de contenter, une fois de plus, de la troisi\u00e8me place.<\/p>\n\n\n\n<p>Scratch 1&nbsp;: Michel PIGNARD (Chevron B40)&nbsp;: 1&rsquo;45\u00a0\u00bb49<\/p>\n\n\n\n<p>Scratch 2&nbsp;: Freddy ROLAND (March 742)&nbsp;: 1&rsquo;45\u00a0\u00bb88<\/p>\n\n\n\n<p>Scratch 3&nbsp;: Marc MONTMAYEUR (March 752)&nbsp;: 1&rsquo;47\u00a0\u00bb19<\/p>\n\n\n\n<p>Groupe 1&nbsp;: Wolfgang WASSERMANN (Chevrolet Camaro)&nbsp;: 2&rsquo;21\u00a0\u00bb46<\/p>\n\n\n\n<p>Groupe 2&nbsp;: G\u00e9rard MARCHAL (Ford Escort)&nbsp;: 2&rsquo;11\u00a0\u00bb41<\/p>\n\n\n\n<p>Groupe 3&nbsp;: Jean-Paul DUFOUR (Porsche 911)&nbsp;: 2&rsquo;13\u00a0\u00bb95<\/p>\n\n\n\n<p>Groupe 4&nbsp;: Nicolas BUEHRER (Ferrari Daytona)&nbsp;: 2&rsquo;02\u00a0\u00bb05<\/p>\n\n\n\n<p>Groupe 5&nbsp;: Claude JEANNERET (BMW 320)&nbsp;: 2&rsquo;00\u00a0\u00bb72<\/p>\n\n\n\n<p>Groupe 6&nbsp;: Jean-Louis BOS (Chevron B36)&nbsp;: 1&rsquo;52\u00a0\u00bb62<\/p>\n\n\n\n<p>Groupe 7-8&nbsp;: Michel PIGNARD (Chevron B40)&nbsp;: 1&rsquo;45\u00a0\u00bb49<\/p>\n\n\n\n<div class=\"wp-block-file\"><a id=\"wp-block-file--media-ea0d50e9-a685-4b44-88ed-4bb1211dce74\" href=\"https:\/\/coursesdecotedalsace.fr\/wp-content\/uploads\/2024\/10\/Classement-1977-B.pdf\" target=\"_blank\" rel=\"noreferrer noopener\">Classement 1977 Bourbach<\/a><\/div>\n","protected":false},"excerpt":{"rendered":"<p>Bourbach 1977 Pour la troisi\u00e8me fois cons\u00e9cutive Michel PIGNARD s&rsquo;impose \u00e0 Bourbach, sur une Chevron B40 cette fois, mais cette victoire fut contest\u00e9e jusqu&rsquo;au bout par le mulhousien Freddy ROLAND qui \u00e9choue pour 39\/100\u00e8mes&nbsp;seulement&nbsp;! Marc MONTMAYEUR doit de contenter, une fois de plus, de la troisi\u00e8me place. Scratch 1&nbsp;: Michel PIGNARD (Chevron B40)&nbsp;: 1&rsquo;45\u00a0\u00bb49 Scratch [&hellip;]<\/p>\n","protected":false},"author":1,"featured_media":0,"parent":12,"menu_order":0,"comment_status":"closed","ping_status":"closed","template":"","meta":{"footnotes":""},"class_list":["post-43","page","type-page","status-publish","hentry"],"_links":{"self":[{"href":"https:\/\/coursesdecotedalsace.fr\/index.php?rest_route=\/wp\/v2\/pages\/43","targetHints":{"allow":["GET"]}}],"collection":[{"href":"https:\/\/coursesdecotedalsace.fr\/index.php?rest_route=\/wp\/v2\/pages"}],"about":[{"href":"https:\/\/coursesdecotedalsace.fr\/index.php?rest_route=\/wp\/v2\/types\/page"}],"author":[{"embeddable":true,"href":"https:\/\/coursesdecotedalsace.fr\/index.php?rest_route=\/wp\/v2\/users\/1"}],"replies":[{"embeddable":true,"href":"https:\/\/coursesdecotedalsace.fr\/index.php?rest_route=%2Fwp%2Fv2%2Fcomments&post=43"}],"version-history":[{"count":2,"href":"https:\/\/coursesdecotedalsace.fr\/index.php?rest_route=\/wp\/v2\/pages\/43\/revisions"}],"predecessor-version":[{"id":325,"href":"https:\/\/coursesdecotedalsace.fr\/index.php?rest_route=\/wp\/v2\/pages\/43\/revisions\/325"}],"up":[{"embeddable":true,"href":"https:\/\/coursesdecotedalsace.fr\/index.php?rest_route=\/wp\/v2\/pages\/12"}],"wp:attachment":[{"href":"https:\/\/coursesdecotedalsace.fr\/index.php?rest_route=%2Fwp%2Fv2%2Fmedia&parent=43"}],"curies":[{"name":"wp","href":"https:\/\/api.w.org\/{rel}","templated":true}]}}