{"id":47,"date":"2024-10-12T13:06:49","date_gmt":"2024-10-12T11:06:49","guid":{"rendered":"https:\/\/coursesdecotedalsace.fr\/?page_id=47"},"modified":"2024-10-19T21:43:54","modified_gmt":"2024-10-19T19:43:54","slug":"1981-2","status":"publish","type":"page","link":"https:\/\/coursesdecotedalsace.fr\/?page_id=47","title":{"rendered":"1981"},"content":{"rendered":"<p><strong>Bourbach 1981<\/strong><\/p>\n\n\n<p>L&rsquo;ann\u00e9e o\u00f9 Bourbach int\u00e8gre la premi\u00e8re division du championnat de France de la montagne. Du coup le plateau est cons\u00e9quent avec la pr\u00e9sence d&rsquo;une belle brochette de champions&nbsp;: Jimmy MIEUSSET, Michel PIGNARD, Marc SOURD et Marcel TARRES. Le duel entre ces deux derniers tient ses promesses et TARRES finit par l&#8217;emporter, de justesse, en 3&rsquo;09\u00a0\u00bb29 contre 3&rsquo;09\u00a0\u00bb71. Michel PIGNARD prend la troisi\u00e8me place en 3&rsquo;12\u00a0\u00bb11.<\/p>\n\n\n\n<p>Scratch 1&nbsp;: Marcel TARRES (Martini MK25)&nbsp;: 3&rsquo;09\u00a0\u00bb29<\/p>\n\n\n\n<p>Scratch 2&nbsp;: Marc SOURD (Martini MK31)&nbsp;: 3&rsquo;09\u00a0\u00bb71<\/p>\n\n\n\n<p>Scratch 3&nbsp;: Michel PIGNARD (Martini MK32)&nbsp;: 3&rsquo;12\u00a0\u00bb11<\/p>\n\n\n\n<p>Groupe 1&nbsp;: Henri VUILLERMOZ (Ford Escort RS2000)&nbsp;: 4&rsquo;02\u00a0\u00bb59<\/p>\n\n\n\n<p>Groupe 2&nbsp;: Jean-Christian DUBY (Ford Escort RS1800)&nbsp;: 3&rsquo;51\u00a0\u00bb38<\/p>\n\n\n\n<p>Groupe 3&nbsp;: Bernard DEGOUT (De Tomaso Pantera)&nbsp;: 4&rsquo;01\u00a0\u00bb26<\/p>\n\n\n\n<p>Groupe 4&nbsp;: Jean MOREL (Alpine A110)&nbsp;: 4&rsquo;12\u00a0\u00bb58<\/p>\n\n\n\n<p>Groupe 5&nbsp;: Christian DEBIAS (BMW 320)&nbsp;: 3&rsquo;43\u00a0\u00bb64<\/p>\n\n\n\n<p>Groupe 6&nbsp;: G\u00e9rard XIBERRAS (Lola T298)&nbsp;: 3&rsquo;24\u00a0\u00bb32<\/p>\n\n\n\n<p>Groupe 7-8&nbsp;: Marcel TARRES (Ralt RT1)&nbsp;: 3&rsquo;09\u00a0\u00bb29<\/p>\n\n\n\n<div class=\"wp-block-file\"><a id=\"wp-block-file--media-36f520c3-e9c8-4458-8a91-f75fb0481619\" href=\"https:\/\/coursesdecotedalsace.fr\/wp-content\/uploads\/2024\/10\/Classement-1981-B.pdf\" target=\"_blank\" rel=\"noreferrer noopener\">Classement 1981 Bourbach<\/a><\/div>\n","protected":false},"excerpt":{"rendered":"<p>Bourbach 1981 L&rsquo;ann\u00e9e o\u00f9 Bourbach int\u00e8gre la premi\u00e8re division du championnat de France de la montagne. Du coup le plateau est cons\u00e9quent avec la pr\u00e9sence d&rsquo;une belle brochette de champions&nbsp;: Jimmy MIEUSSET, Michel PIGNARD, Marc SOURD et Marcel TARRES. Le duel entre ces deux derniers tient ses promesses et TARRES finit par l&#8217;emporter, de justesse, [&hellip;]<\/p>\n","protected":false},"author":1,"featured_media":0,"parent":12,"menu_order":0,"comment_status":"closed","ping_status":"closed","template":"","meta":{"footnotes":""},"class_list":["post-47","page","type-page","status-publish","hentry"],"_links":{"self":[{"href":"https:\/\/coursesdecotedalsace.fr\/index.php?rest_route=\/wp\/v2\/pages\/47","targetHints":{"allow":["GET"]}}],"collection":[{"href":"https:\/\/coursesdecotedalsace.fr\/index.php?rest_route=\/wp\/v2\/pages"}],"about":[{"href":"https:\/\/coursesdecotedalsace.fr\/index.php?rest_route=\/wp\/v2\/types\/page"}],"author":[{"embeddable":true,"href":"https:\/\/coursesdecotedalsace.fr\/index.php?rest_route=\/wp\/v2\/users\/1"}],"replies":[{"embeddable":true,"href":"https:\/\/coursesdecotedalsace.fr\/index.php?rest_route=%2Fwp%2Fv2%2Fcomments&post=47"}],"version-history":[{"count":3,"href":"https:\/\/coursesdecotedalsace.fr\/index.php?rest_route=\/wp\/v2\/pages\/47\/revisions"}],"predecessor-version":[{"id":331,"href":"https:\/\/coursesdecotedalsace.fr\/index.php?rest_route=\/wp\/v2\/pages\/47\/revisions\/331"}],"up":[{"embeddable":true,"href":"https:\/\/coursesdecotedalsace.fr\/index.php?rest_route=\/wp\/v2\/pages\/12"}],"wp:attachment":[{"href":"https:\/\/coursesdecotedalsace.fr\/index.php?rest_route=%2Fwp%2Fv2%2Fmedia&parent=47"}],"curies":[{"name":"wp","href":"https:\/\/api.w.org\/{rel}","templated":true}]}}