{"id":58,"date":"2024-10-12T13:08:34","date_gmt":"2024-10-12T11:08:34","guid":{"rendered":"https:\/\/coursesdecotedalsace.fr\/?page_id=58"},"modified":"2024-10-19T21:52:36","modified_gmt":"2024-10-19T19:52:36","slug":"1976-2","status":"publish","type":"page","link":"https:\/\/coursesdecotedalsace.fr\/?page_id=58","title":{"rendered":"1976"},"content":{"rendered":"\n<p>La 1\u00e8re \u00e9dition de la course de c\u00f4te, inscrite au calendrier r\u00e9gional, est organis\u00e9e le 11 juillet 1976 et se dispute sur une longueur de 2,1 kilom\u00e8tres.<\/p>\n\n\n\n<p>C\u2019est Aim\u00e9 DIRAND sur sa Porsche 911 Carrera qui s\u2019impose de justesse (2 dixi\u00e8mes) devant le spinalien Christian POIROT, et qui a donc l\u2019honneur de rester dans les annales en sa qualit\u00e9 de premier vainqueur de l\u2019\u00e9preuve.<\/p>\n\n\n\n<p>Scratch 1&nbsp;: DIRAND Aim\u00e9 (Porsche 911 Carrera) \u2013 0\u201954\u2019\u20196<br>Scratch 2&nbsp;: POIROT Christian (Porsche 911 Carrera) \u2013 0\u201954\u2019\u20198<br>Scratch 3&nbsp;: KIRMANN Daniel (Martini MK 14) \u2013 0\u201955\u2019\u20190<br>Groupe 1&nbsp;: JORDAN Michel (Ford Escort RS 2000) \u2013 1\u201903\u2019\u201901<br>Groupe 2&nbsp;: KRANKENBERG Micka\u00ebl (BMW 1600 TI) \u2013 0\u201959\u2019\u20191<br>Groupe 3&nbsp;: STRAUMANN Pierre (Alpine A 110 1600 S) \u2013 0\u201959\u2019\u20197<br>Groupe 4&nbsp;: DIRAND Aim\u00e9 (Porsche 911 Carrera) \u2013 0\u201954\u2019\u20196<br>Groupe 5&nbsp;: VIDAL Philippe (Alpine 1300 S) \u2013 0\u201956\u2019\u20197<br>Groupe 6&nbsp;: KIRMANN Daniel (Martini MK 4) \u2013 0\u201955\u2019\u20190<\/p>\n\n\n\n<div class=\"wp-block-file\"><a id=\"wp-block-file--media-abf87e3f-8f5a-48b0-9322-14be02e00084\" href=\"https:\/\/coursesdecotedalsace.fr\/wp-content\/uploads\/2024\/10\/Classement-1976-Fouchy.pdf\" target=\"_blank\" rel=\"noreferrer noopener\">Classement 1976 Fouchy<\/a><\/div>\n","protected":false},"excerpt":{"rendered":"<p>La 1\u00e8re \u00e9dition de la course de c\u00f4te, inscrite au calendrier r\u00e9gional, est organis\u00e9e le 11 juillet 1976 et se dispute sur une longueur de 2,1 kilom\u00e8tres. C\u2019est Aim\u00e9 DIRAND sur sa Porsche 911 Carrera qui s\u2019impose de justesse (2 dixi\u00e8mes) devant le spinalien Christian POIROT, et qui a donc l\u2019honneur de rester dans les [&hellip;]<\/p>\n","protected":false},"author":1,"featured_media":0,"parent":14,"menu_order":0,"comment_status":"closed","ping_status":"closed","template":"","meta":{"footnotes":""},"class_list":["post-58","page","type-page","status-publish","hentry"],"_links":{"self":[{"href":"https:\/\/coursesdecotedalsace.fr\/index.php?rest_route=\/wp\/v2\/pages\/58","targetHints":{"allow":["GET"]}}],"collection":[{"href":"https:\/\/coursesdecotedalsace.fr\/index.php?rest_route=\/wp\/v2\/pages"}],"about":[{"href":"https:\/\/coursesdecotedalsace.fr\/index.php?rest_route=\/wp\/v2\/types\/page"}],"author":[{"embeddable":true,"href":"https:\/\/coursesdecotedalsace.fr\/index.php?rest_route=\/wp\/v2\/users\/1"}],"replies":[{"embeddable":true,"href":"https:\/\/coursesdecotedalsace.fr\/index.php?rest_route=%2Fwp%2Fv2%2Fcomments&post=58"}],"version-history":[{"count":2,"href":"https:\/\/coursesdecotedalsace.fr\/index.php?rest_route=\/wp\/v2\/pages\/58\/revisions"}],"predecessor-version":[{"id":344,"href":"https:\/\/coursesdecotedalsace.fr\/index.php?rest_route=\/wp\/v2\/pages\/58\/revisions\/344"}],"up":[{"embeddable":true,"href":"https:\/\/coursesdecotedalsace.fr\/index.php?rest_route=\/wp\/v2\/pages\/14"}],"wp:attachment":[{"href":"https:\/\/coursesdecotedalsace.fr\/index.php?rest_route=%2Fwp%2Fv2%2Fmedia&parent=58"}],"curies":[{"name":"wp","href":"https:\/\/api.w.org\/{rel}","templated":true}]}}