{"id":78,"date":"2024-10-12T13:08:35","date_gmt":"2024-10-12T11:08:35","guid":{"rendered":"https:\/\/coursesdecotedalsace.fr\/?page_id=78"},"modified":"2024-10-19T22:13:05","modified_gmt":"2024-10-19T20:13:05","slug":"1996-2","status":"publish","type":"page","link":"https:\/\/coursesdecotedalsace.fr\/?page_id=78","title":{"rendered":"1996"},"content":{"rendered":"\n<p>Encore un revenant puisque c\u2019est Daniel BOCCARD (vainqueur en 1987) qui signe la victoire. Lui aussi sera sacr\u00e9 champion de France en fin de saison.<\/p>\n\n\n\n<p>En groupe A c\u2019est le patient Jean-Marc DURR (Renault Clio) qui s\u2019impose apr\u00e8s \u00eatre mont\u00e9 sur la troisi\u00e8me marche du podium en 1994, puis sur la deuxi\u00e8me en 1995.<\/p>\n\n\n\n<p>Scratch 1 : BOCCARD Daniel (Martini MK 69) \u2013 3\u201917\u2019\u2019465<br>Scratch 2 : STEINER Marcel (Martini MK 69) \u2013 3\u201922\u2019\u2019298<br>Scratch 3 : FRANTZ Fabien (Martini MK 56) \u2013 3\u201922\u2019\u2019666<br>Groupe N&nbsp;: PUIGRENIER Herv\u00e9 (Ford Escort Cosworth) \u2013 3\u201958\u2019\u2019464<br>Groupe FN&nbsp;: MOSSER Jean-Marie (Renault 5 GT turbo) \u2013 4\u201916\u2019\u2019467<br>Groupe A&nbsp;: DURR Jean-Marc (Renault Clio) \u2013 3\u201956\u2019\u2019742<br>Groupe FA&nbsp;: SCHAELLENBAUM Henry (Citro\u00ebn AX) \u2013 4\u201923\u2019\u2019608<br>Groupe GT&nbsp;: JAKUBOWSKI Fran\u00e7ois (Ferrari F 355) \u2013 4\u201909\u2019\u2019431<br>Groupe F&nbsp;: REBOUL Jean-Louis (Porsche 935) \u2013 3\u201944\u2019\u2019375*<br>Groupe C3&nbsp;: CHAMBEROD Bernard (Norma M11) \u2013 3\u201924\u2019\u2019880<br>Groupe CN&nbsp;: DOSIERES Francis (Lucchini SP 394) \u2013 3\u201926\u2019\u2019240<br>Groupe D\/E&nbsp;: BOCCARD Daniel (Martini MK 69) \u2013 3\u201917\u2019\u2019465<\/p>\n\n\n\n<div class=\"wp-block-file\"><a id=\"wp-block-file--media-dd5ec82d-3b61-437d-9f6f-dc7a65f52f3d\" href=\"https:\/\/coursesdecotedalsace.fr\/wp-content\/uploads\/2024\/10\/Classement-1996-Fouchy.pdf\" target=\"_blank\" rel=\"noreferrer noopener\">Classement 1996 Fouchy<\/a><\/div>\n","protected":false},"excerpt":{"rendered":"<p>Encore un revenant puisque c\u2019est Daniel BOCCARD (vainqueur en 1987) qui signe la victoire. Lui aussi sera sacr\u00e9 champion de France en fin de saison. En groupe A c\u2019est le patient Jean-Marc DURR (Renault Clio) qui s\u2019impose apr\u00e8s \u00eatre mont\u00e9 sur la troisi\u00e8me marche du podium en 1994, puis sur la deuxi\u00e8me en 1995. Scratch [&hellip;]<\/p>\n","protected":false},"author":1,"featured_media":0,"parent":14,"menu_order":0,"comment_status":"closed","ping_status":"closed","template":"","meta":{"footnotes":""},"class_list":["post-78","page","type-page","status-publish","hentry"],"_links":{"self":[{"href":"https:\/\/coursesdecotedalsace.fr\/index.php?rest_route=\/wp\/v2\/pages\/78","targetHints":{"allow":["GET"]}}],"collection":[{"href":"https:\/\/coursesdecotedalsace.fr\/index.php?rest_route=\/wp\/v2\/pages"}],"about":[{"href":"https:\/\/coursesdecotedalsace.fr\/index.php?rest_route=\/wp\/v2\/types\/page"}],"author":[{"embeddable":true,"href":"https:\/\/coursesdecotedalsace.fr\/index.php?rest_route=\/wp\/v2\/users\/1"}],"replies":[{"embeddable":true,"href":"https:\/\/coursesdecotedalsace.fr\/index.php?rest_route=%2Fwp%2Fv2%2Fcomments&post=78"}],"version-history":[{"count":2,"href":"https:\/\/coursesdecotedalsace.fr\/index.php?rest_route=\/wp\/v2\/pages\/78\/revisions"}],"predecessor-version":[{"id":366,"href":"https:\/\/coursesdecotedalsace.fr\/index.php?rest_route=\/wp\/v2\/pages\/78\/revisions\/366"}],"up":[{"embeddable":true,"href":"https:\/\/coursesdecotedalsace.fr\/index.php?rest_route=\/wp\/v2\/pages\/14"}],"wp:attachment":[{"href":"https:\/\/coursesdecotedalsace.fr\/index.php?rest_route=%2Fwp%2Fv2%2Fmedia&parent=78"}],"curies":[{"name":"wp","href":"https:\/\/api.w.org\/{rel}","templated":true}]}}