{"id":86,"date":"2024-10-12T13:08:35","date_gmt":"2024-10-12T11:08:35","guid":{"rendered":"https:\/\/coursesdecotedalsace.fr\/?page_id=86"},"modified":"2024-11-09T21:23:40","modified_gmt":"2024-11-09T20:23:40","slug":"1973-2","status":"publish","type":"page","link":"https:\/\/coursesdecotedalsace.fr\/?page_id=86","title":{"rendered":"1973"},"content":{"rendered":"\n<p>La barre des 100 concurrents est franchie pour cette 7\u00e8me \u00e9dition. Autre \u00e9v\u00e9nement, une course d\u00e9di\u00e9e aux motos est organis\u00e9e en parall\u00e8le. C\u2019est \u00e0 nouveau une Mc Laren qui s\u2019impose mais aux mains de Yves MARTIN cette fois. Le record passe une nouvelle fois \u00e0 tr\u00e9pas suite au temps de 1\u201952\u2019\u20195 r\u00e9alis\u00e9 par le vainqueur. Deux \u00ab&nbsp;sport-proto&nbsp;\u00bb l\u2019accompagnent sur le podium, la Lola T290 de Philippe MONOT et la Chevron de Rudy JAUSLIN. Une authentique Formule 1, la Brabham BT 37 de l\u2019anglais Tony GRIFFITHS, termine \u00e0 la quatri\u00e8me place.<\/p>\n\n\n\n<p>Scratch 1&nbsp;: Yves MARTIN (Mc Laren)&nbsp;: 1\u201952\u2019\u20195<br>Scratch 2&nbsp;: Philippe MONOT (Lola T290)&nbsp;: 1\u201958\u2019\u20190<br>Scratch 3&nbsp;: Rudy JAUSLIN (Chevron)&nbsp;: 2\u201901\u2019\u20196<br>Groupe 1&nbsp;: Wolfgang WASSERMANN (Chevrolet Camaro)&nbsp;: 2\u201925\u20196<br>Groupe 2&nbsp;: Claude RICHE (Ford Escort)&nbsp;: 2\u201915\u2019\u20195<br>Groupe 3&nbsp;: Charly GUENIN (Chevrolet Corvette)&nbsp;: 2\u201917\u2019\u20195<br>Groupe 4&nbsp;: Dominique THIRY (Porsche 911)&nbsp;: 2\u201906\u2019\u20193<br>Groupe 5\/7&nbsp;: Philippe MONOT (Lola T290)&nbsp;: 1\u201958\u2019\u20190<br>Groupe 8\/9&nbsp;: Yves MARTIN (Mc Laren)&nbsp;: 1\u201952\u2019\u20195<\/p>\n\n\n\n<div class=\"wp-block-file\"><a id=\"wp-block-file--media-2a4a4949-4abf-4e51-ba01-0ef671f0bfa8\" href=\"https:\/\/coursesdecotedalsace.fr\/wp-content\/uploads\/2024\/11\/Classement-1973-Wissembourg.pdf\" target=\"_blank\" rel=\"noreferrer noopener\">Classement 1973 Wissembourg<\/a><\/div>\n","protected":false},"excerpt":{"rendered":"<p>La barre des 100 concurrents est franchie pour cette 7\u00e8me \u00e9dition. Autre \u00e9v\u00e9nement, une course d\u00e9di\u00e9e aux motos est organis\u00e9e en parall\u00e8le. C\u2019est \u00e0 nouveau une Mc Laren qui s\u2019impose mais aux mains de Yves MARTIN cette fois. Le record passe une nouvelle fois \u00e0 tr\u00e9pas suite au temps de 1\u201952\u2019\u20195 r\u00e9alis\u00e9 par le vainqueur. [&hellip;]<\/p>\n","protected":false},"author":1,"featured_media":0,"parent":16,"menu_order":0,"comment_status":"closed","ping_status":"closed","template":"","meta":{"footnotes":""},"class_list":["post-86","page","type-page","status-publish","hentry"],"_links":{"self":[{"href":"https:\/\/coursesdecotedalsace.fr\/index.php?rest_route=\/wp\/v2\/pages\/86","targetHints":{"allow":["GET"]}}],"collection":[{"href":"https:\/\/coursesdecotedalsace.fr\/index.php?rest_route=\/wp\/v2\/pages"}],"about":[{"href":"https:\/\/coursesdecotedalsace.fr\/index.php?rest_route=\/wp\/v2\/types\/page"}],"author":[{"embeddable":true,"href":"https:\/\/coursesdecotedalsace.fr\/index.php?rest_route=\/wp\/v2\/users\/1"}],"replies":[{"embeddable":true,"href":"https:\/\/coursesdecotedalsace.fr\/index.php?rest_route=%2Fwp%2Fv2%2Fcomments&post=86"}],"version-history":[{"count":2,"href":"https:\/\/coursesdecotedalsace.fr\/index.php?rest_route=\/wp\/v2\/pages\/86\/revisions"}],"predecessor-version":[{"id":407,"href":"https:\/\/coursesdecotedalsace.fr\/index.php?rest_route=\/wp\/v2\/pages\/86\/revisions\/407"}],"up":[{"embeddable":true,"href":"https:\/\/coursesdecotedalsace.fr\/index.php?rest_route=\/wp\/v2\/pages\/16"}],"wp:attachment":[{"href":"https:\/\/coursesdecotedalsace.fr\/index.php?rest_route=%2Fwp%2Fv2%2Fmedia&parent=86"}],"curies":[{"name":"wp","href":"https:\/\/api.w.org\/{rel}","templated":true}]}}