{"id":87,"date":"2024-10-12T13:08:35","date_gmt":"2024-10-12T11:08:35","guid":{"rendered":"https:\/\/coursesdecotedalsace.fr\/?page_id=87"},"modified":"2024-11-09T21:24:08","modified_gmt":"2024-11-09T20:24:08","slug":"1974-2","status":"publish","type":"page","link":"https:\/\/coursesdecotedalsace.fr\/?page_id=87","title":{"rendered":"1974"},"content":{"rendered":"\n<p>Une seule t\u00eate d\u2019affiche pour cette \u00e9dition 1974 avec le double champion de France Pierre MAUBLANC qui assume son statut et place sa March 742 sur la plus haute marche du podium tout en signant un nouveau record de la mont\u00e9e (1\u201950\u2019\u20192). Ses poursuivants, Jacques JOLIAT (March 732) et Denis RUA (BBM) restent \u00e0 distance avec des chronos de respectivement 1\u201954\u2019\u20194 et 1\u201959\u2019\u20190. Les vainqueurs de groupe sont tr\u00e8s bien plac\u00e9s au scratch et on retrouve Valentin BERTAPELLE (Porsche 911 Gr. 4) au 5\u00e8me rang, Claude RICHE (Ford Escort Gr&nbsp;. 2) au 6\u00e8me rang, Jean-Claude BERING (Porsche 911 Gr 3) au 9\u00e8me rang et G\u00e9rard SARRAZIN (Chrysler Hemicuda Gr. 1) au 15\u00e8me rang.<\/p>\n\n\n\n<p>Scratch 1&nbsp;: Pierre MAUBLANC (March 742)&nbsp;: 1\u201950\u2019\u20192<br>Scratch 2&nbsp;: Jacques JOLIAT (March 732)&nbsp;: 1\u201954\u2019\u20194<br>Scratch 3&nbsp;: Denis RUA (BBM)&nbsp;: 1\u201959\u2019\u20190<br>Groupe 1&nbsp;: G\u00e9rard SARRAZIN (Chrysler Hemicuda)&nbsp;: 2\u201923\u2019\u20195<br>Groupe 2&nbsp;: Claude RICHE (Ford Escort)&nbsp;: 2\u201913\u2019\u20190<br>Groupe 3&nbsp;: Jean-Claude BERING (Porsche 911)&nbsp;: 2\u201916\u2019\u20193<br>Groupe 4&nbsp;: Valentin BERTAPELLE (Porsche 911)&nbsp;: 2\u201912\u2019\u20195<br>Groupe 5\/7&nbsp;: Denis RUA (BBM)&nbsp;: 1\u201959\u2019\u20190<br>Groupe 8\/9&nbsp;: Pierre MAUBLANC (March 742)&nbsp;: 1\u201950\u2019\u20192<\/p>\n\n\n\n<div class=\"wp-block-file\"><a id=\"wp-block-file--media-b3e3532e-d808-4930-b074-fd17abc1d94d\" href=\"https:\/\/coursesdecotedalsace.fr\/wp-content\/uploads\/2024\/11\/Classement-1974-Wissembourg.pdf\" target=\"_blank\" rel=\"noreferrer noopener\">Classement 1974 Wissembourg<\/a><\/div>\n","protected":false},"excerpt":{"rendered":"<p>Une seule t\u00eate d\u2019affiche pour cette \u00e9dition 1974 avec le double champion de France Pierre MAUBLANC qui assume son statut et place sa March 742 sur la plus haute marche du podium tout en signant un nouveau record de la mont\u00e9e (1\u201950\u2019\u20192). Ses poursuivants, Jacques JOLIAT (March 732) et Denis RUA (BBM) restent \u00e0 distance [&hellip;]<\/p>\n","protected":false},"author":1,"featured_media":0,"parent":16,"menu_order":0,"comment_status":"closed","ping_status":"closed","template":"","meta":{"footnotes":""},"class_list":["post-87","page","type-page","status-publish","hentry"],"_links":{"self":[{"href":"https:\/\/coursesdecotedalsace.fr\/index.php?rest_route=\/wp\/v2\/pages\/87","targetHints":{"allow":["GET"]}}],"collection":[{"href":"https:\/\/coursesdecotedalsace.fr\/index.php?rest_route=\/wp\/v2\/pages"}],"about":[{"href":"https:\/\/coursesdecotedalsace.fr\/index.php?rest_route=\/wp\/v2\/types\/page"}],"author":[{"embeddable":true,"href":"https:\/\/coursesdecotedalsace.fr\/index.php?rest_route=\/wp\/v2\/users\/1"}],"replies":[{"embeddable":true,"href":"https:\/\/coursesdecotedalsace.fr\/index.php?rest_route=%2Fwp%2Fv2%2Fcomments&post=87"}],"version-history":[{"count":2,"href":"https:\/\/coursesdecotedalsace.fr\/index.php?rest_route=\/wp\/v2\/pages\/87\/revisions"}],"predecessor-version":[{"id":408,"href":"https:\/\/coursesdecotedalsace.fr\/index.php?rest_route=\/wp\/v2\/pages\/87\/revisions\/408"}],"up":[{"embeddable":true,"href":"https:\/\/coursesdecotedalsace.fr\/index.php?rest_route=\/wp\/v2\/pages\/16"}],"wp:attachment":[{"href":"https:\/\/coursesdecotedalsace.fr\/index.php?rest_route=%2Fwp%2Fv2%2Fmedia&parent=87"}],"curies":[{"name":"wp","href":"https:\/\/api.w.org\/{rel}","templated":true}]}}