{"id":91,"date":"2024-10-12T13:08:35","date_gmt":"2024-10-12T11:08:35","guid":{"rendered":"https:\/\/coursesdecotedalsace.fr\/?page_id=91"},"modified":"2024-11-09T21:26:20","modified_gmt":"2024-11-09T20:26:20","slug":"1978-2","status":"publish","type":"page","link":"https:\/\/coursesdecotedalsace.fr\/?page_id=91","title":{"rendered":"1978"},"content":{"rendered":"\n<p>Le plateau est pauvre en raison de plusieurs autres \u00e9preuves organis\u00e9es le m\u00eame jour dont les 24 heures du Mans. Cela ne retire rien au m\u00e9rite de Freddy ROLAND de renouveler son succ\u00e8s de l\u2019an dernier au volant de sa nouvelle Ralt RT1 avec en prime le record de l\u2019\u00e9preuve qu\u2019il fixe \u00e0 1\u201948\u2019\u201958. Bernard-Etienne GROBOT (March 772), pass\u00e9 \u00e0 la monoplace, s\u2019empare de la deuxi\u00e8me place et Dominique LAURENT (March 753) de la troisi\u00e8me.<\/p>\n\n\n\n<p>Scratch 1&nbsp;: Freddy ROLAND (Ralt RT1)&nbsp;: 1\u201948\u2019\u20198<br>Scratch 2&nbsp;: Bernard-Etienne GROBOT (March 772)&nbsp;: 1&nbsp;\u201851\u2019\u20195<br>Scratch 3&nbsp;: Dominique LAURENT (March 753)&nbsp;: 1\u201959\u2019\u20194<br>Groupe 1&nbsp;: Wolfgang WASSERMANN (Chevrolet Camaro)&nbsp;: 2\u201918\u2019\u20199<br>Groupe 2&nbsp;: FLECK Jean-Fran\u00e7ois (BMW 30 CSL)&nbsp;: 2\u201918\u2019\u20190<br>Groupe 3&nbsp;: Christian ANOTIN (Porsche Carrera)&nbsp;: 2\u201919\u2019\u20190<br>Groupe 4&nbsp;: Nicolas BUEHRER (Ferrari Daytona)&nbsp;: 2\u201909\u2019\u20199<br>Groupe 5&nbsp;: Bertrand PIERRAT (Porsche Carrera)&nbsp;: 2\u201912\u2019\u20192<br>Groupe 6&nbsp;: Rudy JAUSLIN (Lola T297)&nbsp;: 1\u201959\u2019\u20195<br>Groupe 7\/8&nbsp;: Freddy ROLAND (Ralt RT1)&nbsp;: 1\u201948\u2019\u20198<\/p>\n\n\n\n<div class=\"wp-block-file\"><a id=\"wp-block-file--media-171a00e4-ba0a-402b-b8b3-5cef665ad626\" href=\"https:\/\/coursesdecotedalsace.fr\/wp-content\/uploads\/2024\/11\/Classement-1978-Wissembourg.pdf\" target=\"_blank\" rel=\"noreferrer noopener\">Classement 1978 Wissembourg<\/a><\/div>\n","protected":false},"excerpt":{"rendered":"<p>Le plateau est pauvre en raison de plusieurs autres \u00e9preuves organis\u00e9es le m\u00eame jour dont les 24 heures du Mans. Cela ne retire rien au m\u00e9rite de Freddy ROLAND de renouveler son succ\u00e8s de l\u2019an dernier au volant de sa nouvelle Ralt RT1 avec en prime le record de l\u2019\u00e9preuve qu\u2019il fixe \u00e0 1\u201948\u2019\u201958. Bernard-Etienne [&hellip;]<\/p>\n","protected":false},"author":1,"featured_media":0,"parent":16,"menu_order":0,"comment_status":"closed","ping_status":"closed","template":"","meta":{"footnotes":""},"class_list":["post-91","page","type-page","status-publish","hentry"],"_links":{"self":[{"href":"https:\/\/coursesdecotedalsace.fr\/index.php?rest_route=\/wp\/v2\/pages\/91","targetHints":{"allow":["GET"]}}],"collection":[{"href":"https:\/\/coursesdecotedalsace.fr\/index.php?rest_route=\/wp\/v2\/pages"}],"about":[{"href":"https:\/\/coursesdecotedalsace.fr\/index.php?rest_route=\/wp\/v2\/types\/page"}],"author":[{"embeddable":true,"href":"https:\/\/coursesdecotedalsace.fr\/index.php?rest_route=\/wp\/v2\/users\/1"}],"replies":[{"embeddable":true,"href":"https:\/\/coursesdecotedalsace.fr\/index.php?rest_route=%2Fwp%2Fv2%2Fcomments&post=91"}],"version-history":[{"count":2,"href":"https:\/\/coursesdecotedalsace.fr\/index.php?rest_route=\/wp\/v2\/pages\/91\/revisions"}],"predecessor-version":[{"id":412,"href":"https:\/\/coursesdecotedalsace.fr\/index.php?rest_route=\/wp\/v2\/pages\/91\/revisions\/412"}],"up":[{"embeddable":true,"href":"https:\/\/coursesdecotedalsace.fr\/index.php?rest_route=\/wp\/v2\/pages\/16"}],"wp:attachment":[{"href":"https:\/\/coursesdecotedalsace.fr\/index.php?rest_route=%2Fwp%2Fv2%2Fmedia&parent=91"}],"curies":[{"name":"wp","href":"https:\/\/api.w.org\/{rel}","templated":true}]}}